ltiple of 62?
False
Does 6 divide 83694?
True
Is 3 a factor of 106960?
False
Is 174779 a multiple of 42?
False
Is 62784 a multiple of 48?
True
Does 12 divide 377100?
True
Is 4245616 a multiple of 556?
True
Is 9885 a multiple of 89?
False
Is 5 a factor of 1710363?
False
Is 18 a factor of 75411?
False
Does 15 divide 749269?
False
Is 3 a factor of 10422?
True
Is 6 a factor of 3933679?
False
Is 3711241 a multiple of 37?
False
Is 83 a factor of 193555?
False
Is 16 a factor of 21612336?
True
Is 28 a factor of 17130690?
False
Is 318 a factor of 7436430?
True
Is 28 a factor of 584416?
True
Is 2115 a factor of 17211804?
False
Does 35 divide 1425585?
True
Is 276 a multiple of 46?
True
Does 12 divide 237360?
True
Does 131 divide 6715?
False
Does 467 divide 496551?
False
Is 1486 a factor of 1056189?
False
Is 20 a factor of 18080?
True
Is 225795 a multiple of 38?
False
Does 16 divide 176500?
False
Does 14 divide 6053642?
True
Does 5 divide 305693?
False
Is 14 a factor of 1520428?
True
Is 840560 a multiple of 430?
False
Is 217024 a multiple of 8?
True
Does 661 divide 8950599?
False
Is 325 a factor of 8670350?
True
Is 177987 a multiple of 5?
False
Is 78 a factor of 176344?
False
Is 601 a factor of 636786?
False
Is 5637120 a multiple of 614?
False
Is 6 a factor of 7533?
False
Is 130 a factor of 155624?
False
Is 2325716 a multiple of 160?
False
Is 18950660 a multiple of 1571?
False
Is 82837 a multiple of 237?
False
Does 37 divide 66896?
True
Does 100 divide 899841?
False
Is 89 a factor of 2001294?
False
Is 887169 a multiple of 507?
False
Is 15 a factor of 547080?
True
Is 33 a factor of 2397?
False
Is 172360 a multiple of 310?
True
Is 167 a factor of 104722?
False
Is 15818517 a multiple of 117?
True
Does 16 divide 401200?
True
Does 33 divide 25420770?
False
Is 5 a factor of 91053?
False
Is 1637129 a multiple of 52?
False
Is 8992035 a multiple of 262?
False
Is 1118657 a multiple of 353?
True
Is 20 a factor of 890640?
True
Does 219 divide 3033807?
True
Is 22716 a multiple of 14?
False
Is 10 a factor of 14582792?
False
Is 194 a factor of 769404?
True
Is 7 a factor of 5243?
True
Is 575982 a multiple of 217?
False
Is 291 a factor of 102141?
True
Is 658476 a multiple of 26?
True
Is 1237134 a multiple of 16?
False
Is 492739 a multiple of 29?
True
Is 466 a factor of 202244?
True
Does 354 divide 1828410?
True
Is 40 a factor of 1509720?
True
Is 253866 a multiple of 36?
False
Is 35136 a multiple of 18?
True
Does 387 divide 8901?
True
Does 103 divide 741497?
True
Does 19 divide 280915?
True
Is 17853 a multiple of 582?
False
Is 53130 a multiple of 385?
True
Does 17 divide 109673?
False
Does 4 divide 73805?
False
Is 288 a factor of 20415?
False
Is 4 a factor of 69268?
True
Is 176 a factor of 1816398?
False
Does 43 divide 816943?
False
Does 12 divide 184673?
False
Does 8 divide 197044?
False
Does 3 divide 74541?
True
Does 55 divide 57365?
True
Is 939 a factor of 11070?
False
Is 392 a factor of 1621838?
False
Is 49 a factor of 28437?
False
Is 45 a factor of 694705?
False
Is 34 a factor of 29523?
False
Does 44 divide 178580?
False
Does 31 divide 203887?
True
Is 116 a factor of 3441604?
True
Does 16 divide 464896?
True
Does 312 divide 450528?
True
Is 7 a factor of 2002658?
True
Does 10 divide 505336?
False
Does 23 divide 403739?
False
Is 561244 a multiple of 727?
True
Is 275936 a multiple of 32?
True
Is 21 a factor of 1467144?
True
Is 1354757 a multiple of 113?
True
Is 8 a factor of 2488388?
False
Does 21 divide 2608685?
False
Is 30548 a multiple of 120?
False
Is 112 a factor of 209328?
True
Does 120 divide 7207920?
True
Is 200875 a multiple of 212?
False
Is 9 a factor of 2690597?
False
Does 9 divide 5572899?
True
Is 204 a factor of 754239?
False
Does 100 divide 467500?
True
Is 5 a factor of 5759361?
False
Is 46751 a multiple of 165?
False
Is 1053 a factor of 4014036?
True
Is 887 a factor of 187157?
True
Is 7031880 a multiple of 54?
True
Is 21 a factor of 59325?
True
Does 8 divide 1598992?
True
Does 8 divide 138677?
False
Does 205 divide 80770?
True
Does 254 divide 5259832?
True
Is 360945 a multiple of 3?
True
Does 24 divide 10044212?
False
Is 91284 a multiple of 3?
True
Is 10 a factor of 329747?
False
Is 171 a factor of 1989210?
False
Does 12 divide 6067162?
False
Does 10 divide 3023356?
False
Is 42 a factor of 264894?
True
Is 2937660 a multiple of 20?
True
Is 6 a factor of 270432?
True
Does 2 divide 16979?
False
Does 444 divide 7116641?
False
Is 32 a factor of 4133662?
False
Does 50 divide 1797413?
False
Is 127984 a multiple of 19?
True
Is 186948 a multiple of 12?
True
Is 28 a factor of 632940?
True
Is 26136 a multiple of 88?
True
Does 50 divide 80700?
True
Does 31 divide 220689?
True
Does 118 divide 139223?
False
Does 728 divide 1934296?
True
Does 4 divide 60890?
False
Does 773 divide 7818158?
False
Does 1338 divide 3334296?
True
Is 107656 a multiple of 44?
False
Is 81 a factor of 15309?
True
Is 59 a factor of 2801739?
False
Is 1063442 a multiple of 619?
True
Is 136 a factor of 347905?
False
Is 39648 a multiple of 6?
True
Is 2734199 a multiple of 205?
False
Is 1453500 a multiple of 90?
True
Is 166073 a multiple of 12?
False
Is 23 a factor of 202605?
False
Does 122 divide 37942?
True
Is 177 a factor of 635076?
True
Does 19 divide 1239050?
False
Does 256 divide 4516446?
False
Does 321 divide 272208?
True
Is 924 a factor of 16938768?
True
Does 8 divide 145644?
False
Is 4 a factor of 17629?
False
Does 129 divide 50634?
False
Is 14 a factor of 4897060?
True
Is 4085 a multiple of 2?
False
Does 307 divide 485367?
True
Does 194 divide 66395?
False
Is 250320 a multiple of 48?
True
Is 38 a factor of 1962358?
True
Is 120260 a multiple of 86?
False
Is 284416 a multiple of 348?
False
Does 1261 divide 2103348?
True
Does 23 divide 130019?
True
Does 24 divide 240888?
True
Does 24 divide 167293?
False
Is 476 a factor of 352240?
True
Does 106 divide 461948?
True
Is 22 a factor of 74794?
False
Is 80824 a multiple of 10?
False
Is 429844 a multiple of 161?
False
Is 37 a factor of 116673?
False
Is 2 a factor of 250996?
True
Is 261249 a multiple of 211?
False
Is 632 a factor of 6234317?
False
Is 925167 a multiple of 90?
False
Is 108 a factor of 468174?
False
Does 115 divide 645798?
False
Is 121 a factor of 1710383?
False
Is 4 a factor of 462487?
False
Does 4 divide 1147832?
True
Is 177 a factor of 3499644?
True
Does 72 divide 4936032?
True
Is 35 a factor of 34545?
True
Is 101 a factor of 730403?
False
Is 344208 a multiple of 8?
True
Is 2 a factor of 205939?
False
Does 51 divide 136833?
True
Is 174847 a multiple of 44?
False
Is 311328 a multiple of 184?
True
Is 32 a factor of 913600?
True
Is 11 a factor of 4069386?
False
Is 999 a multiple of 4?
False
Is 9625614 a multiple of 354?
True
Is 100809 a multiple of 27?
False
Is 82 a factor of 1214911?
False
Is 499596 a multiple of 102?
True
Does 67 divide 28944?
True
Is 128 a factor of 84043?
False
Is 53090 a multiple of 285?
False
Is 2926583 a multiple of 191?
False
Is 4 a factor of 484199?
False
Does 75 divide 1104675?
True
Is 410150 a multiple of 21?
False
Is 79 a factor of 1383527?
True
Is 365 a factor of 995355?
True
Does 15 divide 364198?
False
Does 374 divide 1268982?
True
Does 479 divide 1507413?
True
Is 118 a factor of 35409?
False
Does 16 divide 30428?
False
Is 975 a factor of 31475925?
True
Is 2923272 a multiple of 72?
True
Does 14 divide 392959?
False
Does 26 divide 17238?
True
Is 33 a factor of 59782?
False
Is 212771 a multiple of 15?
False
Is 814 a factor of 6419204?
True
Is 802342 a multiple of 62?
True
Is 58 a factor of 157702?
True
Is 446040 a multiple of 72?
True
Is 170 a factor of 954380?
True
Is 40281 a multiple of 463?
True
Is 145 a factor of 3701208?
False
Is 687258 a multiple of 78?
True
Is 28 a factor of 57400?
True
Does 26 divide 2633314?
False
Is 45 a factor of 189990?
True
Is 4008676 a multiple of 127?
False
Is 613 a factor of 3382309?
False
Is 233211 a multiple of 2?
False
Does 36 divide 284838?
False
Is 12890294 a multiple of 205?
False
Is 6645208 a multiple of 192?
False
Does 288 divide 502560?
True
Is 27526135 a multiple of 65?
True
Is 102 a factor of 348475?
False
Does 209 divide 8272847?
True
Is 454736 a multiple of 16?
True
Does 104 divide 2730416?
True
Is 16 a factor of 470832?
True
Is 16 a factor of 68408?
False
Is 